 9, what is 32 - -20?
52
In base 6, what is -10220 - 22?
-10242
In base 10, what is -139 - 16?
-155
In base 16, what is 1d + -8?
15
In base 16, what is -3 + 258?
255
In base 2, what is -10110 - 10000?
-100110
In base 13, what is 64 - -2b?
92
In base 14, what is 3 - -40?
43
In base 3, what is -220102 - 0?
-220102
In base 8, what is -2247 + 10?
-2237
In base 16, what is -1 + -10?
-11
In base 8, what is -15 - -10?
-5
In base 10, what is -1369 - 2?
-1371
In base 6, what is 5 - -102?
111
In base 8, what is 10104 + 5?
10111
In base 5, what is 10 - -1104?
1114
In base 14, what is -86 - -4?
-82
In base 4, what is -21 - 1?
-22
In base 16, what is 2b + -19?
12
In base 3, what is 111 + 201?
1012
In base 6, what is 430 - -1?
431
In base 13, what is -7c - 50?
-cc
In base 15, what is -7 - 1e6?
-1ed
In base 11, what is -12272 - -4?
-12269
In base 14, what is 16 + -6?
10
In base 7, what is -203 + 3?
-200
In base 7, what is 3 - 131?
-125
In base 3, what is -11200 + 1?
-11122
In base 12, what is 0 + -307?
-307
In base 4, what is -20 - -333?
313
In base 14, what is 1aa2 + 4?
1aa6
In base 15, what is 4 - -ee5?
ee9
In base 13, what is -14 - 9?
-20
In base 13, what is -828 - -2?
-826
In base 14, what is -3c + -b?
-49
In base 9, what is -26 + 513?
476
In base 11, what is -149 + -9?
-157
In base 10, what is -2 + 14?
12
In base 12, what is -13 + -53?
-66
In base 11, what is -4 - 34?
-38
In base 8, what is 2571 + -5?
2564
In base 14, what is 5 - -bb?
c2
In base 7, what is -1 - -2523?
2522
In base 5, what is -222 + -4?
-231
In base 5, what is -144 - 10?
-204
In base 2, what is -1010100001 - -100?
-1010011101
In base 6, what is 224 - -110?
334
In base 10, what is 1850 - 17?
1833
In base 6, what is -245 - 31?
-320
In base 3, what is 11 + 1111110?
1111121
In base 6, what is 2 - 0?
2
In base 3, what is 10 - -20110?
20120
In base 10, what is 5 - -1320?
1325
In base 6, what is -2 + -1135?
-1141
In base 9, what is 143 - 5?
137
In base 2, what is 10001010011 + -10?
10001010001
In base 8, what is 24 - 70?
-44
In base 15, what is -19e9 - 4?
-19ed
In base 15, what is 4 + -35?
-31
In base 13, what is 14 + 57?
6b
In base 11, what is 17 - -446?
462
In base 12, what is 2 - -2560?
2562
In base 8, what is 2335 + 4?
2341
In base 4, what is -21 - 1?
-22
In base 15, what is 84 - -2?
86
In base 4, what is -12200 - -2?
-12132
In base 8, what is 76000 - -5?
76005
In base 5, what is -124 + -4100?
-4224
In base 14, what is 1 - 87?
-86
In base 13, what is b - b?
0
In base 15, what is 14 - -287?
29b
In base 8, what is 636 + -2?
634
In base 14, what is 1 + 9?
a
In base 6, what is -133 + 13?
-120
In base 16, what is -8f7 - 0?
-8f7
In base 16, what is 2 - 0?
2
In base 8, what is -176 - -50?
-126
In base 8, what is 3216 + -2?
3214
In base 15, what is 84 - 2?
82
In base 4, what is 1112333 - -12?
1113011
In base 6, what is 223 - -1?
224
In base 2, what is 110001001110 - -101?
110001010011
In base 5, what is 11002 + -24?
10423
In base 10, what is 442 - -53?
495
In base 6, what is -1 - -130?
125
In base 13, what is 87 + 68?
122
In base 14, what is 21b - -1?
21c
In base 7, what is -120623 - -2?
-120621
In base 10, what is 2 + 32?
34
In base 14, what is 42c - -3?
431
In base 15, what is -135 + -2?
-137
In base 12, what is 27 - 226?
-1bb
In base 13, what is -159a - 3?
-15a0
In base 10, what is 15 - 3?
12
In base 6, what is 0 - 43434?
-43434
In base 10, what is 52 + 1?
53
In base 11, what is -21 - 2?
-23
In base 12, what is 1 - 27?
-26
In base 16, what is -e2 - 1?
-e3
In base 16, what is 2 + -28b?
-289
In base 9, what is 51 - 12?
38
In base 13, what is -b2 - -5?
-aa
In base 4, what is -1123331 - -1?
-1123330
In base 9, what is 33 + -61?
-27
In base 15, what is 2 - -9c?
9e
In base 9, what is -11 + 1620?
1608
In base 16, what is 10 + 0?
10
In base 12, what is 10998 - 2?
10996
In base 2, what is -110 + 100100100?
100011110
In base 11, what is -318a1 - 3?
-318a4
In base 7, what is -14 - 46?
-63
In base 10, what is 7 + 1803?
1810
In base 2, what is -10111100 - 10110?
-11010010
In base 10, what is -5 + -164?
-169
In base 12, what is -8 - a6?
-b2
In base 10, what is -5 + 601?
596
In base 15, what is -2 + 42a?
428
In base 2, what is 11101111100 + 10?
11101111110
In base 16, what is 0 + -1c?
-1c
In base 10, what is -307 + -4?
-311
In base 14, what is 3 + 9c?
a1
In base 11, what is -3 + 602?
5aa
In base 9, what is 4 + -451?
-446
In base 14, what is 129 - 1?
128
In base 9, what is -380 - 4?
-384
In base 12, what is 4 - -32?
36
In base 4, what is -1 - -303232?
303231
In base 7, what is 23 - -1?
24
In base 7, what is 0 - -6060?
6060
In base 7, what is 5142 - -4?
5146
In base 3, what is -1 + 1201?
1200
In base 11, what is -9 - 49?
-57
In base 5, what is -1 + -112?
-113
In base 9, what is -5 - 225?
-231
In base 12, what is 360 + -2?
35a
In base 4, what is 2 + -2331?
-2323
In base 2, what is 101 - -1001101?
1010010
In base 12, what is -1072 - -5?
-1069
In base 2, what is 100 + 10000?
10100
In base 9, what is 4 + 42?
46
In base 5, what is -21033 - 10?
-21043
In base 8, what is -262 + 0?
-262
In base 13, what is -6 + 3b4?
3ab
In base 5, what is 2 + 1020?
1022
In base 14, what is 4 + 60?
64
In base 2, what is -1011100 + 1?
-1011011
In base 15, what is b79 + -4?
b75
In base 3, what is 112012010 + -10?
112012000
In base 10, what is 464 + -2?
462
In base 16, what is -4 + -19b?
-19f
In base 2, what is 1110 + -11011001?
-11001011
In base 15, what is -10 - 17?
-27
In base 14, what is -169 - -c?
-15b
In base 8, what is 7 + 260?
267
In base 11, what is -3 - 1390?
-1393
In base 16, what is -69 - 4?
-6d
In base 16, what is -2 + -3c?
-3e
In base 2, what is 1 - 110101?
-110100
In base 8, what is 0 - 127?
-127
In base 15, what is -2 - -4?
2
In base 14, what is 267 + 2?
269
In base 16, what is -5 + -30?
-35
In base 13, what is 1 + 186?
187
In base 5, what is 1 - 100200?
-100144
In base 8, what is 7151 + 7?
7160
In base 4, what is 1 - 1002?
-1001
In base 10, what is -710 + -5?
-715
In base 13, what is a49 - 0?
a49
In base 7, what is -2 - 6513?
-6515
In base 4, what is -200 - 1?
-201
In base 14, what is -9 + 218?
20d
In base 15, what is 19 + 1a?
34
In base 4, what is -3102 - 11?
-3113
In base 8, what is -3 - -3162?
3157
In base 14, what is a59 - -5?
a60
In base 6, what is 1 - -13?
14
In base 7, what is -3320 - 5?
-3325
In base 9, what is 2 - -116?
118
In base 4, what is -101011 - 3?
-101020
In base 7, what is -3 - 10056?
-10062
In base 2, what is -10101 + -11?
-11000
In base 10, what is 14 - 122?
-108
In base 5, what is -10 - 233?
-243
In base 16, what is -34 + 8?
-2c
In base 15, what is c + 634?
641
In base 8, what is 205 - 54?
131
In base 9, what is 0 - -153?
153
In base 6, what is 14 + -305?
-251
In base 9, what is -2 + 444?
442
In base 16, what is -4 - -3d?
39
In base 3, what is -10 + 20?
10
In base 4, what is -11 - 3302?
-3313
In base 9, what is 7 - 361?
-353
In base 13, what is 4 - 3b?
-37
In base 2, what is 10 - 1000111000?
-1000110110
In base 4, what is -1022 + 12?
-1010
In base 10, what is -2032 + 0?
-2032
In base 13, what is -3 - -17a?
177
In base 9, what is 108 + -1?
107
In base 11, what is 2 + 845?
847
In base 9, what is -2 + 80?
77
In base 2, what is -10 - 10?
-100
In base 14, what is -d0 + 0?
-d0
In base 4, what is 10313 + -3?
10310
In base 13, what is -5 - -1ac0?
1ab8
In base 9, what is -8353 - -4?
-8348
In base 7, what is -1 + -1024?
-1025
In base 13, what is -17c + 3?
-179
In base 10, what is -5 - -6?
1
In base 10, what is 3 + -291?
-288
In base 10, what is -13862 - -5?
-13857
In base 10, what is -12 - 32?
-44
In base 12, what is -1 - -94?
93
In base 2, what is -1101000 + 101?
-1100011
In base 2, what is -11111 - -1101?
-10010
In base 8, what is 1267 + 0?
1267
In base 10, what is 10 - 52?
-42
In base 11, what is 6393 - 3?
6390
In base 11, what is 3 - 5997?
-5994
In base 2, what is -101 - 100000111110?
-100001000011
In base 15, what is -15 + 15a?
145
In base 14, what is -3 - 453?
-456
In base 6, what is -4 + 1?
-3
In base 10, what is 5 - -51?
56
In base 11, what is -4 + -260a?
-2613
In base 12, what is 4a + 36?
84
In base 14, what is 2 - 24?
-22
In base 4, what is -11 - 113?
-130
In base 14, what is 1 - 15?
-14
In base 2, what is -101 + 1010001010?
1010000101
In base 11, what is 13a0 + -3?
1398
In base 11, what is -14 + a